and 98.
2
Calculate the greatest common factor of 1232 and 1064.
56
Calculate the greatest common factor of 17253 and 3402.
243
What is the highest common factor of 775959 and 284?
71
What is the greatest common divisor of 503 and 3555707?
503
What is the greatest common divisor of 346 and 44461?
173
What is the highest common factor of 2256 and 17520?
48
Calculate the highest common divisor of 6979660 and 815.
815
Calculate the greatest common factor of 30 and 3975430.
10
Calculate the greatest common factor of 15 and 5849295.
15
What is the greatest common factor of 503 and 115187?
503
What is the highest common factor of 40996 and 5540?
1108
What is the greatest common divisor of 396 and 10968?
12
Calculate the greatest common divisor of 33964 and 112.
28
Calculate the highest common factor of 353685 and 2907.
969
What is the greatest common divisor of 625887 and 21?
3
What is the greatest common factor of 280 and 7028?
28
Calculate the highest common divisor of 79120 and 16168.
344
What is the greatest common divisor of 9 and 1088163?
9
What is the greatest common factor of 30248 and 39004?
796
Calculate the highest common divisor of 1003 and 5049.
17
Calculate the highest common factor of 2160 and 299130.
30
What is the highest common divisor of 873 and 1574310?
291
Calculate the greatest common factor of 201790 and 170.
170
What is the greatest common factor of 14 and 91021?
7
Calculate the greatest common factor of 68 and 44358.
2
What is the highest common factor of 1060 and 247139?
53
What is the highest common divisor of 108278 and 6?
2
What is the greatest common factor of 20292 and 1672?
76
Calculate the greatest common divisor of 75 and 1884.
3
Calculate the highest common divisor of 271713 and 117.
39
What is the highest common divisor of 8158629 and 746?
373
Calculate the highest common factor of 25450 and 1570.
10
What is the highest common factor of 1498064 and 16?
16
Calculate the greatest common divisor of 3536 and 1536.
16
What is the highest common factor of 2570 and 410?
10
Calculate the greatest common divisor of 5859 and 67053.
651
What is the highest common factor of 29 and 40571?
29
What is the highest common divisor of 76 and 166003?
19
What is the highest common divisor of 718632 and 4536?
648
Calculate the highest common factor of 282032 and 208.
16
Calculate the highest common factor of 11816 and 91363.
211
What is the highest common factor of 8118 and 246?
246
What is the greatest common divisor of 89104 and 104?
8
What is the greatest common factor of 643 and 107381?
643
Calculate the greatest common divisor of 39 and 18005.
13
What is the highest common divisor of 51975 and 6875?
275
What is the greatest common divisor of 3020 and 8740?
20
Calculate the greatest common factor of 2805 and 38390.
55
What is the highest common factor of 24 and 132648?
24
What is the greatest common factor of 5365 and 1450?
145
Calculate the highest common factor of 8 and 38720.
8
Calculate the highest common divisor of 272 and 23984.
16
What is the highest common factor of 568755 and 81?
27
What is the greatest common factor of 702 and 84188?
26
What is the highest common factor of 381996 and 54?
54
Calculate the highest common factor of 520 and 13624.
104
Calculate the highest common divisor of 39 and 37102.
13
What is the highest common divisor of 940035 and 45?
15
Calculate the highest common factor of 42174 and 1254.
66
Calculate the highest common factor of 175773 and 39.
39
Calculate the greatest common factor of 108 and 10341.
27
What is the highest common divisor of 4571 and 1183?
7
Calculate the highest common factor of 32 and 1073264.
16
What is the highest common factor of 92514 and 102?
102
What is the highest common factor of 724 and 143533?
181
What is the highest common factor of 1064 and 2216844?
532
Calculate the greatest common factor of 7470 and 6030.
90
Calculate the greatest common divisor of 638 and 8410.
58
Calculate the highest common divisor of 51958 and 2656.
166
What is the highest common divisor of 6707 and 1976?
19
Calculate the highest common divisor of 16 and 854040.
8
What is the highest common divisor of 33970 and 1975?
395
What is the greatest common divisor of 1296 and 1392?
48
What is the highest common divisor of 2674 and 10314?
382
What is the greatest common factor of 2297984 and 78?
26
What is the greatest common factor of 1130 and 223966?
226
Calculate the highest common divisor of 36 and 1571796.
36
What is the greatest common factor of 168 and 324?
12
What is the greatest common factor of 123008 and 1024?
128
Calculate the highest common divisor of 2637925 and 25.
25
What is the greatest common divisor of 24 and 14492?
4
Calculate the greatest common factor of 194 and 334359.
97
What is the greatest common factor of 382488 and 16?
8
Calculate the highest common factor of 26 and 21034.
26
What is the greatest common factor of 15 and 4834065?
15
What is the highest common factor of 40 and 601610?
10
Calculate the greatest common divisor of 3612 and 3225.
129
What is the greatest common factor of 2 and 96578?
2
What is the highest common divisor of 140 and 105140?
140
Calculate the highest common factor of 1607034 and 132.
66
What is the greatest common divisor of 114 and 1034493?
57
What is the greatest common factor of 122 and 765001?
61
What is the highest common divisor of 1206 and 23094?
18
What is the highest common divisor of 30 and 245970?
30
What is the greatest common divisor of 209 and 5263?
19
Calculate the greatest common factor of 4400 and 11264.
176
Calculate the highest common divisor of 3246543 and 387.
387
What is the greatest common divisor of 5424 and 38496?
48
Calculate the highest common divisor of 75 and 49575.
75
Calculate the greatest common divisor of 17 and 34187.
17
Calculate the greatest common factor of 211679 and 7713.
857
Calculate the highest common divisor of 1552 and 2864.
16
Calculate the highest common divisor of 13 and 3159.
13
What is the highest common divisor of 48132 and 378?
126
What is the greatest common factor of 721968 and 1872?
624
What is the greatest common factor of 46 and 95818?
46
What is the greatest common divisor of 347266 and 8660?
866
What is the greatest common divisor of 399 and 2899761?
57
What is the highest common divisor of 9918 and 15138?
522
Calculate the highest common factor of 1760 and 22220.
220
Calculate the greatest common factor of 160 and 1429360.
80
What is the greatest common divisor of 21926 and 1102?
38
Calculate the greatest common factor of 24 and 17916.
12
Calculate the highest common divisor of 205317 and 126.
63
Calculate the highest common divisor of 5837 and 339893.
449
Calculate the greatest common factor of 23760 and 7260.
660
Calculate the highest common factor of 88727 and 166.
83
Calculate the greatest common factor of 246 and 5766.
6
Calculate the greatest common factor of 5251 and 177.
59
What is the greatest common divisor of 255 and 17034?
51
What is the highest common divisor of 121 and 4599210?
121
Calculate the highest common divisor of 68632 and 506.
46
Calculate the greatest common factor of 6540603 and 183.
183
What is the highest common divisor of 1232 and 13167?
77
What is the greatest common factor of 3528459 and 2088?
261
Calculate the highest common divisor of 87549 and 14781.
1137
Calculate the greatest common divisor of 54 and 232227.
27
What is the highest common divisor of 265275 and 50?
25
Calculate the highest common factor of 304 and 24700.
76
Calculate the highest common factor of 78 and 8016242.
26
Calculate the greatest common divisor of 154 and 5302.
22
What is the highest common factor of 252 and 2366?
14
What is the greatest common divisor of 81 and 334449?
81
What is the highest common divisor of 11987850 and 1470?
1470
Calculate the highest common divisor of 98504 and 56.
56
What is the highest common divisor of 5376 and 4272?
48
Calculate the highest common divisor of 14790 and 66990.
870
What is the highest common factor of 183899 and 865?
173
What is the greatest common factor of 1539 and 18639?
171
What is the greatest common factor of 7566 and 1794?
78
Calculate the greatest common factor of 623 and 1589.
7
What is the greatest common divisor of 9230 and 3055?
65
